{"id":72,"date":"2020-02-21T20:16:37","date_gmt":"2020-02-21T20:16:37","guid":{"rendered":"http:\/\/butrulle.net\/?page_id=72"},"modified":"2020-05-24T09:38:47","modified_gmt":"2020-05-24T07:38:47","slug":"notre-genealogie","status":"publish","type":"page","link":"https:\/\/butrulle.net\/?page_id=72","title":{"rendered":"Notre g\u00e9n\u00e9alogie"},"content":{"rendered":"\t\t<div data-elementor-type=\"wp-page\" data-elementor-id=\"72\" class=\"elementor elementor-72\">\n\t\t\t\t\t\t<section class=\"elementor-section elementor-top-section elementor-element elementor-element-e552735 elementor-section-boxed elementor-section-height-default elementor-section-height-default\" data-id=\"e552735\" data-element_type=\"section\" data-e-type=\"section\">\n\t\t\t\t\t\t<div class=\"elementor-container elementor-column-gap-default\">\n\t\t\t\t\t<div class=\"elementor-column elementor-col-100 elementor-top-column elementor-element elementor-element-0b2d870\" data-id=\"0b2d870\" data-element_type=\"column\" data-e-type=\"column\">\n\t\t\t<div class=\"elementor-widget-wrap elementor-element-populated\">\n\t\t\t\t\t\t<div class=\"elementor-element elementor-element-e0a8ec1 elementor-widget elementor-widget-heading\" data-id=\"e0a8ec1\" data-element_type=\"widget\" data-e-type=\"widget\" data-widget_type=\"heading.default\">\n\t\t\t\t<div class=\"elementor-widget-container\">\n\t\t\t\t\t<h1 class=\"elementor-heading-title elementor-size-xl\">Notre G\u00e9n\u00e9alogie<\/h1>\t\t\t\t<\/div>\n\t\t\t\t<\/div>\n\t\t\t\t\t<\/div>\n\t\t<\/div>\n\t\t\t\t\t<\/div>\n\t\t<\/section>\n\t\t\t\t<section class=\"elementor-section elementor-top-section elementor-element elementor-element-148b47c0 elementor-section-boxed elementor-section-height-default elementor-section-height-default\" data-id=\"148b47c0\" data-element_type=\"section\" data-e-type=\"section\">\n\t\t\t\t\t\t<div class=\"elementor-container elementor-column-gap-default\">\n\t\t\t\t\t<div class=\"elementor-column elementor-col-100 elementor-top-column elementor-element elementor-element-31df5a1f\" data-id=\"31df5a1f\" data-element_type=\"column\" data-e-type=\"column\">\n\t\t\t<div class=\"elementor-widget-wrap elementor-element-populated\">\n\t\t\t\t\t\t<div class=\"elementor-element elementor-element-57f0c992 elementor-widget elementor-widget-text-editor\" data-id=\"57f0c992\" data-element_type=\"widget\" data-e-type=\"widget\" data-widget_type=\"text-editor.default\">\n\t\t\t\t<div class=\"elementor-widget-container\">\n\t\t\t\t\t\t\t\t\t<p><\/p>\n<p>Nous avons commenc\u00e9 l&rsquo;\u00e9tude de notre g\u00e9n\u00e9alogie au d\u00e9but de ma retraite, en 2007. A cette \u00e9poque, il y avait peu d&rsquo;\u00e9l\u00e9ments \u00e0 trouver sur internet et, pour les anc\u00eatres les plus proches, il fallait aller de Mairie en Mairie pour prendre des photos des actes de naissance, de mariage et de d\u00e9c\u00e8s.<\/p>\n<p>Nos familles \u00e9taient g\u00e9n\u00e9ralement\u00a0 implant\u00e9es dans les d\u00e9partements du Nord et du Pas-de-Calais, et cela depuis d\u00e9j\u00e0 plusieurs g\u00e9n\u00e9rations. Ce qui a facilit\u00e9, dans un premier temps, la recherche de nos anc\u00eatres les plus proches.<\/p>\n<p><\/p>\n<p>En ce qui concerne ma Grand&rsquo;M\u00e8re maternelle, il nous a fallut faire des recherches dans le d\u00e9partement du Doubs. Cela n&rsquo;a pas \u00e9t\u00e9 un gros souci, dans la mesure o\u00f9 nous allions tr\u00e8s souvent dans cette r\u00e9gion en vacances o\u00f9 pour y voir de la famille.<\/p>\n<p>Pass\u00e9es 2 ou 3 g\u00e9n\u00e9rations, il arrivait que les\u00a0 registres qui avaient plus de 100 ans n&rsquo;\u00e9taient plus disponibles en Mairie et il nous fallait alors, poursuivre nos recherches aux Archives D\u00e9partementales, l\u00e0, o\u00f9 sont conserv\u00e9s les doubles de chaque registre \u00e9tablis par les Mairies.<\/p>\n<p>A l&rsquo;\u00e9poque,\u00a0 les documents conserv\u00e9s aux Archives d\u00e9partementales n&rsquo;\u00e9taient\u00a0 consultables qu&rsquo;apr\u00e8s un d\u00e9lai de 100 ans. Ce d\u00e9lai a \u00e9t\u00e9 ramen\u00e9 \u00e0 75 ans vers 2010. Ces documents\u00a0 \u00e9taient, soit les doubles des registres \u00e9tablis dans les mairies de chaque ville du d\u00e9partement, soit des bobines de films quand ces registres avaient \u00e9t\u00e9 photographi\u00e9s dans le but de ne pas ab\u00eemer ces registres en les manipulant.\u00a0<\/p>\n<p><\/p>\n<p>De nos jours, la plupart des actes d\u00e9tenus aux Archives d\u00e9partementales ont \u00e9t\u00e9 num\u00e9ris\u00e9s et sont consultables sur internet. Ce n&rsquo;\u00e9tait pas le cas il y a 10 ans et nous avons pass\u00e9 de nombreuses heures aux Archives d\u00e9partementales du Nord pour \u00e9toffer la g\u00e9n\u00e9alogie de notre famille.<\/p>\n<p>Si les donn\u00e9es fournies par les Archives D\u00e9partementales\u00a0 sont assez fiables, il faut\u00a0 cependant tenir compte des erreurs possibles, commises lors de l&rsquo;\u00e9tablissement des actes en Mairies, sur l&rsquo;orthographe des noms et parfois sur les lieux et les dates reprises dans ces actes. Ces erreurs sont peu fr\u00e9quentes mais elles existent, C&rsquo;est ainsi que l&rsquo;on voit les noms de famille se modifier au fil des si\u00e8cles. Notre patronyme en est un exemple parfait. Il y a deux\u00a0 cents ans, notre famille s&rsquo;appelait \u00ab\u00a0Butruille\u00a0\u00bb et, suite \u00e0 une erreur d&rsquo;orthographe faite par la Mairie de Auby, notre nom de famille est devenu Butrulle&#8230;<\/p>\n<p>De nos jours, on fait appel \u00e0 internet et surtout \u00e0 de nombreux sites de g\u00e9n\u00e9alogie, o\u00f9 la plupart des membres ont d\u00e9pos\u00e9s leur g\u00e9n\u00e9alogie. C&rsquo;est facile et on gagne du temps&#8230;.mais, revers de la m\u00e9daille, il suffit qu&rsquo;un membre se soit tromp\u00e9 dans ses recherches et cette erreur est aussit\u00f4t reprise par des centaines de membres de bonne foie qui n&rsquo;ont pas v\u00e9rifi\u00e9 les donn\u00e9es recueillies. C&rsquo;est ainsi que l&rsquo;on retrouve de nombreuses g\u00e9n\u00e9alogies truff\u00e9es d&rsquo;erreurs. Il existe peu de g\u00e9n\u00e9alogie qui ne comporte aucune erreur et, dans la notre vous trouverez certainement des erreurs. Dans ce cas, nous vous remercions \u00e0 l&rsquo;avance de bien vouloir nous pr\u00e9venir.<\/p>\n<p>Une G\u00e9n\u00e9alogie n&rsquo;est jamais finie et plus on remonte le temps, plus il est difficile de trouver des renseignements. Il faut se rappeler que notre pays et surtout notre r\u00e9gion a connu de nombreuses guerres, des bombardements, des incendies et des invasions qui ont aboutis \u00e0 la destruction de milliers de documents. Il faut aussi se rappeler que notre r\u00e9gion, comme bien d&rsquo;autres, a \u00e9t\u00e9 plusieurs fois ravag\u00e9e par des \u00e9pidemies de peste suivies par des ann\u00e9es de famines durant lesquelles les cur\u00e9s de village ne pouvaient plus tenir leurs registres \u00e0 jour. Plusieurs communes ont ainsi \u00e9t\u00e9 ray\u00e9es de la carte avec toutes leurs archives.<\/p>\n<p>Les actes de bapt\u00eames, de mariage et de s\u00e9pultures ont tenus par les cur\u00e9s de chaque paroisse jusqu&rsquo;\u00e0 la r\u00e9volution. Puis ce r\u00f4le a \u00e9t\u00e9 transf\u00e9r\u00e9 au maire de chaque communes qui devait enregistrer la naissance, la mariage et le d\u00e9c\u00e8s de chacun de ses administr\u00e9s. Ces actes\u00a0 sont nos meilleurs alli\u00e9s pour\u00a0 progresser dans notre g\u00e9n\u00e9alogie mais il existe d&rsquo;autres documents qui nous permettent d&rsquo;avancer. Je pense aux actes notari\u00e9s \u00e9tablis lors de successions, de contrat de mariage, de donations,\u00a0 de ventes immobili\u00e8res, de pr\u00eats etc.<\/p>\n<p>Il existe encore d&rsquo;autres pistes \u00e0 explorer comme les cimeti\u00e8res o\u00f9 l&rsquo;on peut r\u00e9cup\u00e9rer des dates et des noms&#8230;..<\/p>\n<p>Si vous avez d&rsquo;autres pistes \u00e0 explorer, je suis preneur. Tout est bon pour retrouver l&rsquo;histoire de notre famille et indirectement l&rsquo;histoire de notre R\u00e9gion, de notre pays. Ce sont ces racines qui nous font d\u00e9couvrir nos origines\u00a0 et nous permettent de nous projeter dans l&rsquo;avenir.<\/p>\t\t\t\t\t\t\t\t<\/div>\n\t\t\t\t<\/div>\n\t\t\t\t\t<\/div>\n\t\t<\/div>\n\t\t\t\t\t<\/div>\n\t\t<\/section>\n\t\t\t\t<section class=\"elementor-section elementor-top-section elementor-element elementor-element-5fd746b elementor-section-boxed elementor-section-height-default elementor-section-height-default\" data-id=\"5fd746b\" data-element_type=\"section\" data-e-type=\"section\">\n\t\t\t\t\t\t<div class=\"elementor-container elementor-column-gap-default\">\n\t\t\t\t\t<div class=\"elementor-column elementor-col-100 elementor-top-column elementor-element elementor-element-1b3705e\" data-id=\"1b3705e\" data-element_type=\"column\" data-e-type=\"column\">\n\t\t\t<div class=\"elementor-widget-wrap elementor-element-populated\">\n\t\t\t\t\t\t<div class=\"elementor-element elementor-element-0006988 elementor-widget elementor-widget-heading\" data-id=\"0006988\" data-element_type=\"widget\" data-e-type=\"widget\" data-widget_type=\"heading.default\">\n\t\t\t\t<div class=\"elementor-widget-container\">\n\t\t\t\t\t<h2 class=\"elementor-heading-title elementor-size-default\">L'arbre g\u00e9n\u00e9alogique de Victor<\/h2>\t\t\t\t<\/div>\n\t\t\t\t<\/div>\n\t\t\t\t\t<\/div>\n\t\t<\/div>\n\t\t\t\t\t<\/div>\n\t\t<\/section>\n\t\t\t\t<section class=\"elementor-section elementor-top-section elementor-element elementor-element-840106a elementor-section-boxed elementor-section-height-default elementor-section-height-default\" data-id=\"840106a\" data-element_type=\"section\" data-e-type=\"section\">\n\t\t\t\t\t\t<div class=\"elementor-container elementor-column-gap-default\">\n\t\t\t\t\t<div class=\"elementor-column elementor-col-100 elementor-top-column elementor-element elementor-element-b0603cc\" data-id=\"b0603cc\" data-element_type=\"column\" data-e-type=\"column\">\n\t\t\t<div class=\"elementor-widget-wrap elementor-element-populated\">\n\t\t\t\t\t\t<div class=\"elementor-element elementor-element-8f3ab17 elementor-widget elementor-widget-text-editor\" data-id=\"8f3ab17\" data-element_type=\"widget\" data-e-type=\"widget\" data-widget_type=\"text-editor.default\">\n\t\t\t\t<div class=\"elementor-widget-container\">\n\t\t\t\t\t\t\t\t\t<p><a href=\"https:\/\/butrulle.net\/wp-content\/uploads\/2020\/05\/Arbre-g\u00e9n\u00e9alogique-de-Victor.pdf\" class=\"pdfemb-viewer\" style=\"\" data-width=\"max\" data-height=\"max\" data-toolbar=\"bottom\" data-toolbar-fixed=\"off\">Arbre g\u00e9n\u00e9alogique de Victor<\/a><\/p>\t\t\t\t\t\t\t\t<\/div>\n\t\t\t\t<\/div>\n\t\t\t\t\t<\/div>\n\t\t<\/div>\n\t\t\t\t\t<\/div>\n\t\t<\/section>\n\t\t\t\t<section class=\"elementor-section elementor-top-section elementor-element elementor-element-d26c874 elementor-section-boxed elementor-section-height-default elementor-section-height-default\" data-id=\"d26c874\" data-element_type=\"section\" data-e-type=\"section\">\n\t\t\t\t\t\t<div class=\"elementor-container elementor-column-gap-default\">\n\t\t\t\t\t<div class=\"elementor-column elementor-col-25 elementor-top-column elementor-element elementor-element-5f0bf86\" data-id=\"5f0bf86\" data-element_type=\"column\" data-e-type=\"column\">\n\t\t\t<div class=\"elementor-widget-wrap elementor-element-populated\">\n\t\t\t\t\t\t<div class=\"elementor-element elementor-element-0eab917 elementor-align-justify elementor-widget elementor-widget-button\" data-id=\"0eab917\" data-element_type=\"widget\" data-e-type=\"widget\" data-widget_type=\"button.default\">\n\t\t\t\t<div class=\"elementor-widget-container\">\n\t\t\t\t\t\t\t\t\t<div class=\"elementor-button-wrapper\">\n\t\t\t\t\t<a class=\"elementor-button elementor-button-link elementor-size-sm elementor-animation-push\" href=\"https:\/\/butrulle.net\/?page_id=1378\">\n\t\t\t\t\t\t<span class=\"elementor-button-content-wrapper\">\n\t\t\t\t\t\t\t\t\t<span class=\"elementor-button-text\">G\u00e9n\u00e9alogie - Mon livre<\/span>\n\t\t\t\t\t<\/span>\n\t\t\t\t\t<\/a>\n\t\t\t\t<\/div>\n\t\t\t\t\t\t\t\t<\/div>\n\t\t\t\t<\/div>\n\t\t\t\t\t<\/div>\n\t\t<\/div>\n\t\t\t\t<div class=\"elementor-column elementor-col-25 elementor-top-column elementor-element elementor-element-a041d65\" data-id=\"a041d65\" data-element_type=\"column\" data-e-type=\"column\">\n\t\t\t<div class=\"elementor-widget-wrap elementor-element-populated\">\n\t\t\t\t\t\t<div class=\"elementor-element elementor-element-7c35a6f elementor-align-justify elementor-widget elementor-widget-button\" data-id=\"7c35a6f\" data-element_type=\"widget\" data-e-type=\"widget\" data-widget_type=\"button.default\">\n\t\t\t\t<div class=\"elementor-widget-container\">\n\t\t\t\t\t\t\t\t\t<div class=\"elementor-button-wrapper\">\n\t\t\t\t\t<a class=\"elementor-button elementor-button-link elementor-size-sm elementor-animation-push\" href=\"https:\/\/butrulle.net\/?page_id=1383\">\n\t\t\t\t\t\t<span class=\"elementor-button-content-wrapper\">\n\t\t\t\t\t\t\t\t\t<span class=\"elementor-button-text\">Nos anc\u00eatres - Des photos<\/span>\n\t\t\t\t\t<\/span>\n\t\t\t\t\t<\/a>\n\t\t\t\t<\/div>\n\t\t\t\t\t\t\t\t<\/div>\n\t\t\t\t<\/div>\n\t\t\t\t\t<\/div>\n\t\t<\/div>\n\t\t\t\t<div class=\"elementor-column elementor-col-25 elementor-top-column elementor-element elementor-element-fbe4a40\" data-id=\"fbe4a40\" data-element_type=\"column\" data-e-type=\"column\">\n\t\t\t<div class=\"elementor-widget-wrap elementor-element-populated\">\n\t\t\t\t\t\t<div class=\"elementor-element elementor-element-90c643b elementor-align-justify elementor-widget elementor-widget-button\" data-id=\"90c643b\" data-element_type=\"widget\" data-e-type=\"widget\" data-widget_type=\"button.default\">\n\t\t\t\t<div class=\"elementor-widget-container\">\n\t\t\t\t\t\t\t\t\t<div class=\"elementor-button-wrapper\">\n\t\t\t\t\t<a class=\"elementor-button elementor-button-link elementor-size-sm elementor-animation-push\" href=\"https:\/\/butrulle.net\/?page_id=1319\">\n\t\t\t\t\t\t<span class=\"elementor-button-content-wrapper\">\n\t\t\t\t\t\t\t\t\t<span class=\"elementor-button-text\">Contactez nous<\/span>\n\t\t\t\t\t<\/span>\n\t\t\t\t\t<\/a>\n\t\t\t\t<\/div>\n\t\t\t\t\t\t\t\t<\/div>\n\t\t\t\t<\/div>\n\t\t\t\t\t<\/div>\n\t\t<\/div>\n\t\t\t\t<div class=\"elementor-column elementor-col-25 elementor-top-column elementor-element elementor-element-187abe8\" data-id=\"187abe8\" data-element_type=\"column\" data-e-type=\"column\">\n\t\t\t<div class=\"elementor-widget-wrap elementor-element-populated\">\n\t\t\t\t\t\t<div class=\"elementor-element elementor-element-e3269dd elementor-align-justify elementor-widget elementor-widget-button\" data-id=\"e3269dd\" data-element_type=\"widget\" data-e-type=\"widget\" data-widget_type=\"button.default\">\n\t\t\t\t<div class=\"elementor-widget-container\">\n\t\t\t\t\t\t\t\t\t<div class=\"elementor-button-wrapper\">\n\t\t\t\t\t<a class=\"elementor-button elementor-button-link elementor-size-sm elementor-animation-push\" href=\"https:\/\/butrulle.net\/\">\n\t\t\t\t\t\t<span class=\"elementor-button-content-wrapper\">\n\t\t\t\t\t\t\t\t\t<span class=\"elementor-button-text\">Accueil <\/span>\n\t\t\t\t\t<\/span>\n\t\t\t\t\t<\/a>\n\t\t\t\t<\/div>\n\t\t\t\t\t\t\t\t<\/div>\n\t\t\t\t<\/div>\n\t\t\t\t\t<\/div>\n\t\t<\/div>\n\t\t\t\t\t<\/div>\n\t\t<\/section>\n\t\t\t\t<section class=\"elementor-section elementor-top-section elementor-element elementor-element-9947958 elementor-section-boxed elementor-section-height-default elementor-section-height-default\" data-id=\"9947958\" data-element_type=\"section\" data-e-type=\"section\">\n\t\t\t\t\t\t<div class=\"elementor-container elementor-column-gap-default\">\n\t\t\t\t\t<div class=\"elementor-column elementor-col-100 elementor-top-column elementor-element elementor-element-330c8d7\" data-id=\"330c8d7\" data-element_type=\"column\" data-e-type=\"column\">\n\t\t\t<div class=\"elementor-widget-wrap elementor-element-populated\">\n\t\t\t\t\t\t<div class=\"elementor-element elementor-element-faa068a elementor-widget elementor-widget-image\" data-id=\"faa068a\" data-element_type=\"widget\" data-e-type=\"widget\" data-widget_type=\"image.default\">\n\t\t\t\t<div class=\"elementor-widget-container\">\n\t\t\t\t\t\t\t\t\t\t\t\t\t\t\t<img fetchpriority=\"high\" decoding=\"async\" width=\"1024\" height=\"160\" src=\"https:\/\/butrulle.net\/wp-content\/uploads\/2020\/05\/Braydunes-plage-1024x160.jpg\" class=\"attachment-large size-large wp-image-1408\" alt=\"bas de page -ma genealogie\" srcset=\"https:\/\/butrulle.net\/wp-content\/uploads\/2020\/05\/Braydunes-plage-1024x160.jpg 1024w, https:\/\/butrulle.net\/wp-content\/uploads\/2020\/05\/Braydunes-plage-300x47.jpg 300w, https:\/\/butrulle.net\/wp-content\/uploads\/2020\/05\/Braydunes-plage-768x120.jpg 768w, https:\/\/butrulle.net\/wp-content\/uploads\/2020\/05\/Braydunes-plage-1536x239.jpg 1536w, https:\/\/butrulle.net\/wp-content\/uploads\/2020\/05\/Braydunes-plage-2048x319.jpg 2048w\" sizes=\"(max-width: 1024px) 100vw, 1024px\" \/>\t\t\t\t\t\t\t\t\t\t\t\t\t\t\t<\/div>\n\t\t\t\t<\/div>\n\t\t\t\t\t<\/div>\n\t\t<\/div>\n\t\t\t\t\t<\/div>\n\t\t<\/section>\n\t\t\t\t<\/div>\n\t\t","protected":false},"excerpt":{"rendered":"<p>Notre G\u00e9n\u00e9alogie Nous avons commenc\u00e9 l&rsquo;\u00e9tude de notre g\u00e9n\u00e9alogie au d\u00e9but de ma retraite, en 2007. A cette \u00e9poque, il y avait peu d&rsquo;\u00e9l\u00e9ments \u00e0 trouver sur internet et, pour les anc\u00eatres les plus proches, il fallait aller de Mairie en Mairie pour prendre des photos des actes de naissance, de mariage et de d\u00e9c\u00e8s. [&hellip;]<\/p>\n","protected":false},"author":1,"featured_media":0,"parent":0,"menu_order":0,"comment_status":"closed","ping_status":"closed","template":"elementor_header_footer","meta":{"ocean_post_layout":"","ocean_both_sidebars_style":"","ocean_both_sidebars_content_width":0,"ocean_both_sidebars_sidebars_width":0,"ocean_sidebar":"","ocean_second_sidebar":"","ocean_disable_margins":"enable","ocean_add_body_class":"","ocean_shortcode_before_top_bar":"","ocean_shortcode_after_top_bar":"","ocean_shortcode_before_header":"","ocean_shortcode_after_header":"","ocean_has_shortcode":"","ocean_shortcode_after_title":"","ocean_shortcode_before_footer_widgets":"","ocean_shortcode_after_footer_widgets":"","ocean_shortcode_before_footer_bottom":"","ocean_shortcode_after_footer_bottom":"","ocean_display_top_bar":"default","ocean_display_header":"default","ocean_header_style":"","ocean_center_header_left_menu":"","ocean_custom_header_template":"","ocean_custom_logo":0,"ocean_custom_retina_logo":0,"ocean_custom_logo_max_width":0,"ocean_custom_logo_tablet_max_width":0,"ocean_custom_logo_mobile_max_width":0,"ocean_custom_logo_max_height":0,"ocean_custom_logo_tablet_max_height":0,"ocean_custom_logo_mobile_max_height":0,"ocean_header_custom_menu":"","ocean_menu_typo_font_family":"","ocean_menu_typo_font_subset":"","ocean_menu_typo_font_size":0,"ocean_menu_typo_font_size_tablet":0,"ocean_menu_typo_font_size_mobile":0,"ocean_menu_typo_font_size_unit":"px","ocean_menu_typo_font_weight":"","ocean_menu_typo_font_weight_tablet":"","ocean_menu_typo_font_weight_mobile":"","ocean_menu_typo_transform":"","ocean_menu_typo_transform_tablet":"","ocean_menu_typo_transform_mobile":"","ocean_menu_typo_line_height":0,"ocean_menu_typo_line_height_tablet":0,"ocean_menu_typo_line_height_mobile":0,"ocean_menu_typo_line_height_unit":"","ocean_menu_typo_spacing":0,"ocean_menu_typo_spacing_tablet":0,"ocean_menu_typo_spacing_mobile":0,"ocean_menu_typo_spacing_unit":"","ocean_menu_link_color":"","ocean_menu_link_color_hover":"","ocean_menu_link_color_active":"","ocean_menu_link_background":"","ocean_menu_link_hover_background":"","ocean_menu_link_active_background":"","ocean_menu_social_links_bg":"","ocean_menu_social_hover_links_bg":"","ocean_menu_social_links_color":"","ocean_menu_social_hover_links_color":"","ocean_disable_title":"default","ocean_disable_heading":"default","ocean_post_title":"","ocean_post_subheading":"","ocean_post_title_style":"","ocean_post_title_background_color":"","ocean_post_title_background":0,"ocean_post_title_bg_image_position":"","ocean_post_title_bg_image_attachment":"","ocean_post_title_bg_image_repeat":"","ocean_post_title_bg_image_size":"","ocean_post_title_height":0,"ocean_post_title_bg_overlay":0.5,"ocean_post_title_bg_overlay_color":"","ocean_disable_breadcrumbs":"default","ocean_breadcrumbs_color":"","ocean_breadcrumbs_separator_color":"","ocean_breadcrumbs_links_color":"","ocean_breadcrumbs_links_hover_color":"","ocean_display_footer_widgets":"default","ocean_display_footer_bottom":"default","ocean_custom_footer_template":"","footnotes":""},"class_list":["post-72","page","type-page","status-publish","hentry","entry"],"_links":{"self":[{"href":"https:\/\/butrulle.net\/index.php?rest_route=\/wp\/v2\/pages\/72","targetHints":{"allow":["GET"]}}],"collection":[{"href":"https:\/\/butrulle.net\/index.php?rest_route=\/wp\/v2\/pages"}],"about":[{"href":"https:\/\/butrulle.net\/index.php?rest_route=\/wp\/v2\/types\/page"}],"author":[{"embeddable":true,"href":"https:\/\/butrulle.net\/index.php?rest_route=\/wp\/v2\/users\/1"}],"replies":[{"embeddable":true,"href":"https:\/\/butrulle.net\/index.php?rest_route=%2Fwp%2Fv2%2Fcomments&post=72"}],"version-history":[{"count":29,"href":"https:\/\/butrulle.net\/index.php?rest_route=\/wp\/v2\/pages\/72\/revisions"}],"predecessor-version":[{"id":1675,"href":"https:\/\/butrulle.net\/index.php?rest_route=\/wp\/v2\/pages\/72\/revisions\/1675"}],"wp:attachment":[{"href":"https:\/\/butrulle.net\/index.php?rest_route=%2Fwp%2Fv2%2Fmedia&parent=72"}],"curies":[{"name":"wp","href":"https:\/\/api.w.org\/{rel}","templated":true}]}}